 factors of i?
7, 19
Let r(u) = -26*u**2 - 11*u + 17. Let k(m) = -m - 2. Let n(l) = 4*k(l) - r(l). What are the prime factors of n(4)?
419
What are the prime factors of (-5302926)/(-1265) + (-4)/110?
2, 131
Let k = -1897 - -3591. Suppose 4*m - 3388 = -3*d, -2*d - k = -2*m - 0*d. List the prime factors of m.
7, 11
Let x(k) = 3*k**2 + 39*k - 53. What are the prime factors of x(24)?
7, 373
Suppose 1 = f, 5*l - 8 = -f + 8. Suppose -103 - 35 = -l*c. Suppose -5*m + 75 = -2*r + 7*r, 0 = 3*m + 4*r - c. List the prime factors of m.
2, 7
Suppose -4183 - 1836 = -13*m. What are the prime factors of m?
463
Let n = -41 + 44. Suppose 2*o + 42 = 2*d + n*d, -5*o - 5*d - 175 = 0. What are the prime factors of o/(-3*3/18)?
2, 31
Suppose 4*i = 2 - 10. Let b be (100/(-30))/(i/3). Suppose -6*h - 354 = -b*k - 2*h, -4*h = 4. What are the prime factors of k?
2, 5, 7
What are the prime factors of (11/(-5))/(6/15)*219*-10?
3, 5, 11, 73
Let z = -44344 - -78709. What are the prime factors of z?
3, 5, 29, 79
Suppose 10310 = 28*b - 15254. Suppose -2*g + 20*z = 23*z - b, -4*z + 2272 = 5*g. What are the prime factors of g?
2, 113
Let k be (-13)/((-13)/(-4)) - (0 + -24). Suppose -k*d + 3*d = -3264. List the prime factors of d.
2, 3
What are the prime factors of (-161)/69*(-36)/14 - -15597?
3, 7, 743
Suppose 0 = -122*i - 5038 + 22850. Let n(g) = g**2 + 4*g - 1. Let w be n(-5). Let u = i + w. What are the prime factors of u?
2, 3, 5
Suppose 4*r = 28, -25*n + 30759 = -21*n - 3*r. What are the prime factors of n?
3, 5, 19
Suppose -2*a + 523 = -5*x, 3*a - 3*x - 943 + 163 = 0. What are the prime factors of a?
7, 37
Let y(m) = m**2 + 22*m + 25. Let n be y(-16). Let q = -66 - n. Suppose 2*t = -2*k + 124, -130 = -0*k - 2*k - q*t. What are the prime factors of k?
2, 3, 5
List the prime factors of -1 + ((-129840)/(-21) - (41/7 - 6)).
2, 11, 281
Suppose 0 = c - 2*c + 42. Let o = -37 + c. Suppose 0*n - 2*n + 525 = -h, 3*h + 1313 = o*n. List the prime factors of n.
2, 131
Let r(n) = -n**2 + 59*n - 523. Let c be r(48). Suppose 4*a - 170 = -a. Suppose 5*b = c*z + 155, -5*b + 224 = 2*z + a. List the prime factors of b.
2, 3
Let u be (-60)/3*(-3)/(-18)*-3. Suppose u - 6 = g. List the prime factors of (31/g - 4)*28.
3, 5, 7
Suppose -2*p - 7 = -4*f + 41, -5*p = -f + 165. List the prime factors of (-4)/p + (-7)/((-357)/27585).
541
Let k = 41773 - 24692. List the prime factors of k.
19, 29, 31
Let q = 209 + 544. Let j = -450 + q. What are the prime factors of (0 - j)*3/(-9)?
101
Suppose -5*q = -h - 14, h + 10 = 3*q - 0*h. Suppose -2*w = -3*i + 15, -3*i = -q*w - 4*i - 3. List the prime factors of ((-422)/6 - -4)*w.
199
Let f(w) = 3*w**2 + 2*w - 1. Let j be (2/6)/((-48)/18 - -3). Let i be f(j). Suppose 2*h = 5*x + 26 + 81, -i*x = -h + 52. List the prime factors of h.
2, 7
Suppose 0*s = -5*s + 3290. Suppose -3*y = -s - 284. Suppose 4*f - 2*o - y = 0, 69 + 11 = f + o. List the prime factors of f.
79
Let l(p) = 610*p**2 + 65*p + 223. What are the prime factors of l(-4)?
3, 7, 463
Suppose 0 = -4*u + 4*p + 104, -97 = -3*u - 5*p - 11. Suppose g + 8*g = u. Suppose 4*x + 3*k - 37 = 0, g*x - 3*k = -2*x + 80. List the prime factors of x.
13
Let t(q) = -16*q - 36. Let w be t(-5). Suppose 48*g = w*g + 8. Suppose -3*n = -3*f - 375, 3*n + g*f = -n + 470. List the prime factors of n.
2, 3, 5
Let r = 37 + 27. Suppose -3*v = 2*v - 2*q + 79, 0 = 4*v - 2*q + r. List the prime factors of 0 + 41 + (-16 - v).
2, 5
Let f = 147 + -294. Suppose 14*x - 21*x = -2261. Let q = x + f. What are the prime factors of q?
2, 11
Let t(z) = 15*z - 18. Let l(b) = -7*b - 31. Let d(u) = -18*u - 78. Let v(o) = 5*d(o) - 12*l(o). Let f be v(-6). What are the prime factors of t(f)?
2, 3, 7
Let k be (4 - 7)*((-16)/(-6) + -2). Let n be -1 + 1 - ((k - -3) + -3). Suppose o + y - 2 = 93, y - 189 = -n*o. List the prime factors of o.
2, 47
Let h(i) = 257*i**2 - 38*i + 6. What are the prime factors of h(6)?
2, 3, 5, 7, 43
Let y = 3443 + 6711. What are the prime factors of y?
2, 5077
Suppose -w + 3*l + 2 + 18 = 0, 4*w - l - 58 = 0. Suppose 4*m = -5*d - m + 20, 0 = 4*d + 5*m - w. List the prime factors of d.
2, 3
Let o(i) = 406*i + 455. List the prime factors of o(10).
3, 5, 7, 43
Suppose -56*x + 16446 = -53*x + 3*m, -m - 5482 = -x. What are the prime factors of x?
2, 2741
Let t(i) = 37*i + 67. Let b be t(-14). Let j = 1193 + b. List the prime factors of j.
2, 7, 53
Suppose -1968 - 1704 = -4*s. What are the prime factors of s/(-4)*(-10)/15?
3, 17
Suppose 5*y - 13 = -4*j, 6*j - 12 = -2*y + j. Let d be y - (-4)/(-3 - -11)*2. Suppose 46 = d*p - 120. List the prime factors of p.
83
Suppose 0 = 50*g - 32840 - 903560. What are the prime factors of g?
2, 2341
Let w = 5 + 4. Let x(d) = 3*d**2 - 14*d - 3. Let h(p) = -3*p**2 + 14*p + 5. Let b(v) = 3*h(v) + 4*x(v). What are the prime factors of b(w)?
2, 3, 5
Suppose -6*x + 37 - 25 = 0. Suppose -x*p - 1088 = -6*p. What are the prime factors of p?
2, 17
Suppose -398*a + 402*a - 7280 = 0. Suppose 4*c = 3*s + 6915, -c = 4*s - a + 77. List the prime factors of c.
3, 577
Suppose -8*b - 20*b - 11592 = 0. What are the prime factors of b/24*(-408)/9?
2, 17, 23
Let v be (-9*39 - -2)*1. Let c = v + 409. What are the prime factors of c?
2, 3, 5
Let a(l) = 3928*l**2 + 316*l. List the prime factors of a(-2).
2, 5, 13, 29
Suppose m + 3*m - 5*w = 87344, -5*w - 65513 = -3*m. What are the prime factors of m?
3, 19, 383
Suppose -13*u + 9*u - 3*g + 48466 = 0, 2*g = -4. List the prime factors of u.
2, 73, 83
What are the prime factors of 69321/(-14)*(263/(-21) + 7/(-49))?
19, 3301
Suppose 3*k + k - 16 = 0, 3*y = 2*k - 2. Suppose 17 - 21 = -y*u. Suppose 3*g - g = -u*l + 192, -3*l + g = -304. List the prime factors of l.
2, 5
List the prime factors of -6 + (11714 - (26 + -14)).
2, 17, 43
List the prime factors of (332577/(-112)*(-8)/(-6))/(3/(-4)).
5279
Let n = 184 + -87. Let w = -3 + n. Suppose 6*d = 5*d + w. List the prime factors of d.
2, 47
Suppose 4*c - 2*k = 116166, -2649*c + 2644*c + 4*k = -145218. What are the prime factors of c?
2, 14519
Let v = -180 - -488. Let b = -241 + v. List the prime factors of b.
67
Let i(c) = c**2 - 3*c + 25. Suppose 0 = -3*m - p - 35, -2*p = -2*m - 50 + 16. List the prime factors of i(m).
233
Suppose 28*o = -11261 - 695. Let s = o - -584. List the prime factors of s.
157
Let o = 18 - -38. Let s be ((-3)/(-2))/(21/o). List the prime factors of 1412/22 + 0 + s/(-22).
2
Suppose 69*o - 20*o - 2428734 = 0. Suppose -7*q + 40*q = o. What are the prime factors of q?
2, 751
Let v = -104 + 110. Suppose -19*i = -v*i + 13. List the prime factors of i*3 + (10 - -251).
2, 3, 43
Let m = 42 + 30. Suppose 0 = 4*a + 3*k + m, -4*a + 2*k - 71 + 19 = 0. List the prime factors of 36/a*(-220)/6.
2, 11
Let g = -32 - -40. Suppose -5*i + g*i + 2*r = 519, -5*r = 5*i - 870. List the prime factors of i.
3, 19
Let f = 298 - 279. Suppose 22*r = -f*r + 32513. List the prime factors of r.
13, 61
Let d = 248 + -240. Let q(p) = 2*p**2 - 4*p + 49. List the prime factors of q(d).
5, 29
Let p = 2034 + -1110. Let f = p - 325. List the prime factors of f.
599
Suppose 4*h = 2*z - 12009 - 5319, 0 = 5*z + 4*h - 43236. List the prime factors of z.
2, 3, 7, 103
Let g be (-32)/(-14) + (50/(-35))/5. Suppose -g*y + 1758 = 3*s, 4*y - 3 = -15. What are the prime factors of s?
2, 3, 7
Suppose 2*j + 1516 = 2*z, j - 680 - 830 = -2*z. What are the prime factors of z?
2, 3, 7
Suppose -3*s + 4136 - 152 = 0. Let f be (-4059)/2255*3/((-9)/10). Suppose -s = -f*a - 2*a. List the prime factors of a.
2, 83
Let i(l) = l**3 + 2*l**2 - 5*l - 1. Let r be i(-3). Suppose -r = -x - 2*t + 6, x - 14 = -3*t. What are the prime factors of x?
5
Let q be (5/10 + -1)/(1/(-14)). Let t(w) = 3*w**3 - 8*w**2 - 3*w + 27. What are the prime factors of t(q)?
643
Suppose -4*f + 73867 = 5*o, -4*o - 92338 = -5*f - 6*o. What are the prime factors of f?
2, 3, 19
Let v = -22654 - -44458. What are the prime factors of v?
2, 3, 23, 79
What are the prime factors of 1239/(-4130) - 474693/(-10)?
3, 15823
Let v(o) = -5*o**2 + 74*o + 4. Let f be v(13). Suppose n = 6*n + 265. Let p = f + n. List the prime factors of p.
2, 17
Let j = 22761 - 5027. List the prime factors of j.
2, 8867
Let u = 32 - 34. Let w be 1/((5/u)/(-5)). Suppose 0 = w*i + 2*i - 328. What are the prime factors of i?
2, 41
